.
-15
Let x(g) = -919*g**2 - 25732*g - 11. Determine x(-28).
-11
Let u(m) = 14065*m - 3108602. Determine u(221).
-237
Let b(c) = -534*c**3 - 65*c**2 + 17*c + 50. Determine b(1).
-532
Let g(n) = -21*n**2 - 207*n + 258. Give g(-17).
-2292
Let o(t) = -2*t**2 - 7288*t + 242655. Calculate o(33).
-27
Let o(d) = -42*d**2 - 46846*d - 64609. Give o(-1114).
3
Let t(d) = 2*d**2 - 103*d + 927. What is t(16)?
-209
Let q(m) = 16*m**3 - 40*m**2 - 66*m + 6. Give q(-2).
-150
Let q(i) = -20*i**3 + 783*i**2 - 113*i - 163. Determine q(39).
-7
Let n(l) = 1648*l + 62575. What is n(-38)?
-49
Let y(m) = 5*m**3 + 5*m**2 - 56*m - 96. Determine y(-7).
-1174
Let c(v) = -16*v**2 - 3321*v + 13303. Determine c(4).
-237
Let b(c) = 132660*c - 7959600. Give b(60).
0
Let u(l) = -97*l - 2830. Determine u(-31).
177
Let q(u) = 776*u**2 - 4674*u + 114. Calculate q(6).
6
Let n(b) = -3*b**3 + 722*b**2 + 1666*b + 8506. Determine n(243).
1
Let p(a) = a**3 + 74*a**2 + 262*a - 1848. Determine p(-70).
-588
Let h(z) = 5*z**2 - 78*z + 500. Give h(7).
199
Let v(l) = 206161*l + 1030803. Determine v(-5).
-2
Let m(g) = -2*g**3 + 56*g**2 - 538*g + 13056. Determine m(27).
-12
Let w(h) = h**3 + 26*h**2 - 160*h + 217. Determine w(4).
57
Let v(p) = 12*p**3 - 311*p**2 + 44*p - 911. Determine v(26).
909
Let l(g) = 444*g - 2227. What is l(6)?
437
Let c(m) = 40472*m - 80943. Calculate c(2).
1
Let y(x) = 1579*x - 86837. Calculate y(55).
8
Let k(o) = -250436*o + 1252208. Calculate k(5).
28
Let n(p) = -18220*p + 5484253. Determine n(301).
33
Let h(m) = 2*m**3 + 6*m**2 + 16*m + 33. What is h(-8)?
-735
Let z(q) = 25*q**2 + 86*q + 51. Calculate z(-3).
18
Let c(t) = -1569*t + 483259. Calculate c(308).
7
Let y(g) = -318*g - 44473. Give y(-140).
47
Let p(a) = -390609*a + 1171840. Give p(3).
13
Let g(z) = -45*z**2 - 463*z + 926. Determine g(-12).
2
Let r(v) = -v**3 - 193*v - 358. Calculate r(0).
-358
Let t(o) = o**2 + 97*o - 98. Calculate t(38).
5032
Let t(g) = -g**2 - 130285*g - 1693560. Determine t(-13).
-24
Let o(v) = 2*v**3 + 36*v**2 + 38*v + 142. Give o(-16).
558
Let y(j) = 11672*j + 256755. Determine y(-22).
-29
Let g(i) = 133*i**2 - 88060*i + 9268. Give g(662).
0
Let p(f) = -20*f**2 - 120*f + 1076. Give p(8).
-1164
Let x(r) = r**3 - 326*r - 227. Calculate x(0).
-227
Let x(c) = -22*c**2 + 334*c + 1446. What is x(19)?
-150
Let s(g) = g**3 + 21*g**2 - 144*g - 1789. What is s(-24)?
-61
Let j(y) = -10321*y + 154394. Calculate j(15).
-421
Let g(a) = 219506*a - 2414585. Give g(11).
-19
Let c(h) = 370*h + 17336. What is c(-46)?
316
Let k(j) = 1184*j - 706889. Calculate k(597).
-41
Let y(d) = d**2 - 341*d - 8447. What is y(-23)?
-75
Let a(y) = 3*y**3 - 86*y**2 - 146*y + 188. Calculate a(29).
-3205
Let o(l) = 108*l**2 - 286*l - 288. Calculate o(-1).
106
Let q(d) = -2756*d + 961871. Give q(349).
27
Let q(c) = -171*c - 40735. Calculate q(-238).
-37
Let l(j) = 7*j**2 + 57*j - 324. Calculate l(4).
16
Let i(s) = 415*s + 180530. Give i(-435).
5
Let y(u) = -21*u**2 - 1199*u + 22716. What is y(15)?
6
Let y(z) = -25*z**2 + 110*z - 470. Give y(5).
-545
Let r(u) = -u**3 - 66*u**2 + 246*u + 2800. What is r(-69)?
109
Let u(b) = -135591*b - 8271029. Calculate u(-61).
22
Let m(i) = 27598*i - 331253. Give m(12).
-77
Let w(f) = 191887*f - 1151331. Calculate w(6).
-9
Let t(f) = -103*f + 2868. Calculate t(38).
-1046
Let b(u) = -570*u**2 + 8522*u + 411. What is b(15)?
-9
Let m(b) = 59*b**3 - 1771*b**2 + 7*b + 689. Determine m(30).
-1
Let g(l) = -l**3 - 4*l**2 + 477*l + 3138. What is g(-20)?
-2
Let t(z) = -5684*z + 17046. Calculate t(3).
-6
Let d(j) = -j**2 + 820174*j + 9022042. What is d(-11)?
7
Let m(t) = 94*t - 8604. Calculate m(90).
-144
Let r(k) = k**3 + 32*k**2 + 76*k - 466. Calculate r(6).
1358
Let t(a) = -a**3 - 103*a**2 - 4110*a - 453582. Determine t(-105).
18
Let j(o) = -o**2 + 407*o - 19789. Calculate j(50).
-1939
Let a(s) = -15350*s - 91853. What is a(-6)?
247
Let b(u) = -427*u**3 + 3843*u**2 - 11*u + 40. What is b(9)?
-59
Let m(i) = -1190*i - 196357. Calculate m(-165).
-7
Let n(s) = 4*s**3 - 110*s**2 + 615*s - 29. Determine n(6).
565
Let z(n) = n**3 - 8*n**2 - 298*n - 111. Give z(-14).
-251
Let k(x) = 6*x**3 - 194*x**2 - 1592*x + 1231. Calculate k(39).
-17
Let f(r) = -15*r**3 + 25*r**2 + 1488*r + 7467. Calculate f(-5).
2527
Let g(y) = 4539*y + 18229. Determine g(-4).
73
Let m(b) = -b**2 - 958*b - 7583. Determine m(-8).
17
Let z(h) = -3*h**2 - 4464*h + 31404. Calculate z(7).
9
Let g(i) = -23*i**2 + 743*i - 53. Give g(32).
171
Let d(t) = t**2 - 46*t - 122. What is d(-4)?
78
Let a(q) = -193*q**2 - 246*q + 1020. Determine a(4).
-3052
Let k(g) = -611*g**3 - 4*g**2 + 36*g - 32. Give k(1).
-611
Let y(f) = f**2 + 82*f + 2172. Give y(-44).
500
Let f(y) = 2*y**3 - 2*y**2 - 3768*y + 7541. What is f(2)?
13
Let z(l) = 4*l**3 + 370*l**2 + 5029*l + 1005. Give z(-76).
17
Let j(a) = 2*a**2 + 567*a - 52768. What is j(73)?
-719
Let t(r) = -37590*r + 1729127. Give t(46).
-13
Let d(t) = -2*t**2 + 336*t - 12128. Calculate d(116).
-64
Let h(m) = -m**2 + 160*m - 4562. Calculate h(128).
-466
Let f(y) = 2*y**3 - 108*y**2 + 1018*y - 3065. What is f(43)?
31
Let k(j) = -2*j**3 - 17*j**2 + 6*j + 73. Give k(-7).
-116
Let v(k) = -752*k - 146. Determine v(0).
-146
Let s(d) = -953*d + 16187. What is s(17)?
-14
Let q(g) = -4*g**2 + 638*g - 320. Calculate q(157).
1250
Let c(o) = -178*o + 46971. What is c(264)?
-21
Let p(q) = q**3 + 15*q**2 - 426*q - 5621. Give p(-12).
-77
Let u(a) = a**3 - 63*a**2 - 8000*a - 3912. Calculate u(-63).
-6
Let k(m) = -20*m**3 - 26*m**2 + 639*m - 45. Calculate k(5).
0
Let u(h) = -13244*h + 953560. Calculate u(72).
-8
Let z(q) = q**2 + 3424*q - 922417. Calculate z(251).
8
Let i(a) = 6358*a + 25904. Give i(-4).
472
Let f(q) = 30*q + 1037. Determine f(-39).
-133
Let r(c) = 2896*c - 11606. What is r(4)?
-22
Let r(h) = -14*h**2 - 907*h + 246. What is r(-65)?
51
Let s(o) = -57383*o + 2180549. Determine s(38).
-5
Let r(p) = 50*p**2 - 1104*p - 6570. Calculate r(-6).
1854
Let l(m) = m**3 + 39*m**2 - 11*m - 40. What is l(-40)?
-1200
Let z(g) = g**3 - 169*g**2 + 350*g - 1130. Determine z(167).
1542
Let n(i) = -16*i**2 - 190*i + 2095. Give n(13).
-3079
Let g(i) = 6*i**3 - 414*i**2 - 860*i + 59344. Give g(69).
4
Let d(b) = -78*b**2 - 3689*b - 1095. Give d(-47).
-14
Let y(w) = 6131*w + 104275. Give y(-17).
48
Let a(t) = -21974*t - 571321. Calculate a(-26).
3
Let x(d) = -1812*d + 8747. What is x(6)?
-2125
Let n(l) = 253*l**2 + 154*l + 751. Determine n(-4).
4183
Let c(x) = x**3 + 2157*x**2 - 93*x + 10. What is c(0)?
10
Let p(w) = 97*w**3 - w**2 + 16*w - 3. Calculate p(-1).
-117
Let k(w) = 7*w**2 + 294*w - 123. Determine k(-32).
-2363
Let j(q) = 89599*q + 89596. What is j(-1)?
-3
Let m(g) = -8*g**3 - 4*g**2 + 137*g - 156. Calculate m(3).
3
Let j(t) = -t**2 - 560*t - 31273. Calculate j(-497).
38
Let y(c) = 31*c**2 + 485*c - 53. What is y(3)?
1681
Let y(u) = -640*u - 52394. Determine y(-81).
-554
Let h(f) = -76*f**2 + 1547*f + 4624. What is h(-3)?
-701
Let u(p) = -2*p**2 + 11927*p - 685037. What is u(58)?
1
Let i(y) = y**2 + 872*y + 41278. What is i(-50)?
178
Let x(z) = -z**2 + 12390*z + 1969871. Give x(-157).
-8
Let s(d) = -5*d**2 + 1333*d - 3056. Determine s(264).
376
Let y(h) = 173*h - 5353. Give y(31).
10
Let w(f) = 2*f**2 + 3457*f + 61556. What is w(-18)?
-22
Let y(n) = -3*n**2 + 346*n - 796. What is y(113)?
-5
Let k(l) = -l**3 - 166*l**2 - 215*l - 6673. Calculate k(-165).
1577
Let o(b) = -b**2 + 2171*b - 74759. What is o(35)?
1
Let c(w) = -904*w + 215123. Calculate c(238).
-29
Let d(m) = -m**3 - 76*m**2 + 518*m + 9074. Give d(-81).
-79
Let m(p) = 149*p**3 + 37*p**2 - 64*p - 3. What is m(2)?
1209
Let c(j) = 14*j**3 + 2*j**2 - 18*j - 49. What is c(-3)?
-355
Let k(d) = -18*d**3 - 223*d**2 + 150*d + 98. Calculate k(-13).
7
Let b(i) = 5162*i + 201320. What is b(-39)?
2
Let c(n) = 8508*n - 10756. Calculate c(2).
6260
Let d(k) = -249*k**2 + 1324*k - 55. Give d(8).
-5399
Let x(j) = -72*j**2 - 21390*j - 23098. Determine x(-296).
-10
Let g(h) = 747*h - 74895. Calculate g(101).
552
Let g(u) = 11*u**2 - 252*u - 566. Determine g(25).
9
Let g(n) = -163*n**2 - 51506*n + 592. Determine g(-316).
-40
Let u(i) = -33600*i - 4267229. What is u(-127)?
-29
Let y(w) = 18*w - 837. Calculate y(76).
531
Let i(f) = 213*f**2 + 422*f - 57. Determine i(-2).
-49
Let f(r)